{"id":175,"date":"2026-03-20T17:02:02","date_gmt":"2026-03-20T17:02:02","guid":{"rendered":"https:\/\/tsu.network\/tsu\/?page_id=175"},"modified":"2026-03-27T02:10:30","modified_gmt":"2026-03-27T02:10:30","slug":"participa-adquiriendo-tu-membresia-cubriendo-los-costos-del-registro-este-sitio-web-y-un-rico-desayuno-mientras-escuchas-como-resarcir-el-dano-economico-que-sufres","status":"publish","type":"page","link":"https:\/\/tsu.network\/tsu\/participa-adquiriendo-tu-membresia-cubriendo-los-costos-del-registro-este-sitio-web-y-un-rico-desayuno-mientras-escuchas-como-resarcir-el-dano-economico-que-sufres\/","title":{"rendered":"Participa adquiriendo tu membres\u00eda cubriendo los costos del registro, este Sitio Web, y&#8230; UN RICO DESAYUNO MIENTRAS ESCUCHAS COMO RESARCIR EL DA\u00d1O ECON\u00d3MICO QUE SUFRES"},"content":{"rendered":"\n<figure class=\"wp-block-image size-full\"><img loading=\"lazy\" decoding=\"async\" width=\"225\" height=\"225\" src=\"https:\/\/tsu.network\/tsu\/wp-content\/uploads\/2026\/03\/flecha_abajo.jpg\" alt=\"\" class=\"wp-image-176\" srcset=\"https:\/\/tsu.network\/tsu\/wp-content\/uploads\/2026\/03\/flecha_abajo.jpg 225w, https:\/\/tsu.network\/tsu\/wp-content\/uploads\/2026\/03\/flecha_abajo-150x150.jpg 150w, https:\/\/tsu.network\/tsu\/wp-content\/uploads\/2026\/03\/flecha_abajo-100x100.jpg 100w\" sizes=\"auto, (max-width: 225px) 100vw, 225px\" \/><\/figure>\n\n\n\n<h2 class=\"wp-block-heading\">Transfiere $500 (Quinientos) Pesos, MN, a la siguiente cuenta para apartar tu lugar, tenemos cupo limitado:<\/h2>\n\n\n\n<pre class=\"wp-block-code\"><code>Cuenta BBVA:\n<strong>287 263 7200<\/strong>\nCuenta CLABE:\n<strong>012 180 02872637200 9<\/strong>\nTarjeta Bancaria BBVA (puedes pagar en OXXO o tiendas de \"autoservicio\"):\n<strong>4152 3142 8464 6273<\/strong><\/code><\/pre>\n\n\n\n<pre class=\"wp-block-code\"><code><a href=\"https:\/\/tsu.network\">Despu\u00e9s de transferir, reg\u00edstrate para enviarte tu comprobante y apartar tu lugar. Tenemos cupo limitado.<\/a><\/code><\/pre>\n\n\n\n<figure class=\"wp-block-gallery has-nested-images columns-default is-cropped wp-block-gallery-1 is-layout-flex wp-block-gallery-is-layout-flex\">\n<figure class=\"wp-block-image size-large\"><img loading=\"lazy\" decoding=\"async\" width=\"251\" height=\"201\" data-id=\"177\" src=\"https:\/\/tsu.network\/tsu\/wp-content\/uploads\/2026\/03\/flecha_arriba.jpg\" alt=\"\" class=\"wp-image-177\" srcset=\"https:\/\/tsu.network\/tsu\/wp-content\/uploads\/2026\/03\/flecha_arriba.jpg 251w, https:\/\/tsu.network\/tsu\/wp-content\/uploads\/2026\/03\/flecha_arriba-150x120.jpg 150w, https:\/\/tsu.network\/tsu\/wp-content\/uploads\/2026\/03\/flecha_arriba-187x150.jpg 187w\" sizes=\"auto, (max-width: 251px) 100vw, 251px\" \/><\/figure>\n<\/figure>\n\n\n\n<h2 class=\"wp-block-heading\">Muchas gracias, te informaremos cuando hayamos recibido tu pago de $500 (Quinientos) Pesos, MN, y la fecha de la reuni\u00f3n en un Sal\u00f3n de Presentaciones Profesionales, desayuno incluido, con resultados garantizados, en San Jer\u00f3nimo L\u00eddice.<\/h2>\n\n\n\n<h2 class=\"wp-block-heading\">Junto con el recibo de pago te mandamos tu membres\u00eda que puede ser vitalicia, con tu c\u00f3digo \u00fanico cifrado.<\/h2>\n","protected":false},"excerpt":{"rendered":"<p>Transfiere $500 (Quinientos) Pesos, MN, a la siguiente cuenta para apartar tu lugar, tenemos cupo limitado: Muchas gracias, te informaremos cuando hayamos recibido tu pago de $500 (Quinientos) Pesos, MN, y la fecha de la reuni\u00f3n en un Sal\u00f3n de Presentaciones Profesionales, desayuno incluido, con resultados garantizados, en San Jer\u00f3nimo&#8230; <a class=\"continue-reading-link\" href=\"https:\/\/tsu.network\/tsu\/participa-adquiriendo-tu-membresia-cubriendo-los-costos-del-registro-este-sitio-web-y-un-rico-desayuno-mientras-escuchas-como-resarcir-el-dano-economico-que-sufres\/\"> Continue reading <span class=\"meta-nav\">&rarr; <\/span><\/a><\/p>\n","protected":false},"author":2,"featured_media":0,"parent":0,"menu_order":0,"comment_status":"closed","ping_status":"closed","template":"","meta":{"footnotes":""},"class_list":["post-175","page","type-page","status-publish","hentry"],"jetpack_sharing_enabled":true,"_links":{"self":[{"href":"https:\/\/tsu.network\/tsu\/wp-json\/wp\/v2\/pages\/175","targetHints":{"allow":["GET"]}}],"collection":[{"href":"https:\/\/tsu.network\/tsu\/wp-json\/wp\/v2\/pages"}],"about":[{"href":"https:\/\/tsu.network\/tsu\/wp-json\/wp\/v2\/types\/page"}],"author":[{"embeddable":true,"href":"https:\/\/tsu.network\/tsu\/wp-json\/wp\/v2\/users\/2"}],"replies":[{"embeddable":true,"href":"https:\/\/tsu.network\/tsu\/wp-json\/wp\/v2\/comments?post=175"}],"version-history":[{"count":4,"href":"https:\/\/tsu.network\/tsu\/wp-json\/wp\/v2\/pages\/175\/revisions"}],"predecessor-version":[{"id":210,"href":"https:\/\/tsu.network\/tsu\/wp-json\/wp\/v2\/pages\/175\/revisions\/210"}],"wp:attachment":[{"href":"https:\/\/tsu.network\/tsu\/wp-json\/wp\/v2\/media?parent=175"}],"curies":[{"name":"wp","href":"https:\/\/api.w.org\/{rel}","templated":true}]}}