{"id":215,"date":"2026-04-22T02:12:35","date_gmt":"2026-04-22T02:12:35","guid":{"rendered":"https:\/\/tsu.network\/tsu\/?page_id=215"},"modified":"2026-04-22T20:25:20","modified_gmt":"2026-04-22T20:25:20","slug":"los-fontanot","status":"publish","type":"page","link":"https:\/\/tsu.network\/tsu\/","title":{"rendered":"Los Fontanot"},"content":{"rendered":"\n<h2 class=\"wp-block-heading\">Unidos por La Paz en el Mundo<\/h2>\n\n\n\n<figure class=\"wp-block-image size-full\"><img loading=\"lazy\" decoding=\"async\" width=\"988\" height=\"520\" src=\"https:\/\/tsu.network\/tsu\/wp-content\/uploads\/2026\/04\/countdown-to-escalation.png\" alt=\"\" class=\"wp-image-216\" srcset=\"https:\/\/tsu.network\/tsu\/wp-content\/uploads\/2026\/04\/countdown-to-escalation.png 988w, https:\/\/tsu.network\/tsu\/wp-content\/uploads\/2026\/04\/countdown-to-escalation-300x158.png 300w, https:\/\/tsu.network\/tsu\/wp-content\/uploads\/2026\/04\/countdown-to-escalation-768x404.png 768w, https:\/\/tsu.network\/tsu\/wp-content\/uploads\/2026\/04\/countdown-to-escalation-150x79.png 150w, https:\/\/tsu.network\/tsu\/wp-content\/uploads\/2026\/04\/countdown-to-escalation-250x132.png 250w, https:\/\/tsu.network\/tsu\/wp-content\/uploads\/2026\/04\/countdown-to-escalation-600x316.png 600w\" sizes=\"auto, (max-width: 988px) 100vw, 988px\" \/><\/figure>\n\n\n\n<p>Michael Snyder, el mejor economista en el mundo, que informa la verdad, y no hace pol\u00edtica, ya que hacer pol\u00edtica es mentir, tiene este art\u00edculo escrito el 21 de Abril de 2026:<\/p>\n\n\n\n<p>sigue este enlace, o link, para que te enteres de la Verdad, separada de La Pol\u00edtica: <a href=\"https:\/\/themostimportantnews.com\/archives\/countdown-to-escalation-what-happens-when-the-ceasefire-with-iran-ends\">https:\/\/themostimportantnews.com\/archives\/countdown-to-escalation-what-happens-when-the-ceasefire-with-iran-ends<\/a><\/p>\n\n\n\n<p>\u00bfQu\u00e9 es hacer pol\u00edtica? <a href=\"https:\/\/drive.google.com\/file\/d\/1SKxs5a5vQQFLnMABCX8xyXgP4kMzBlSn\/view?usp=sharing\">Sigue este enlace, para saber<\/a>.<\/p>\n\n\n\n<p>Este es mi video que env\u00edo a todo el mundo, YO, Roque Ricardo Fontanot Wollmersh\u00e4usser, que, junto con V\u00edctor Fontanot, inicio esta p\u00e1gina web, dise\u00f1\u00e1ndola hoy, martes 21 de abril de 2026, a las 7:40 PM, hora de La Ciudad de M\u00e9xico, en M\u00e9xico, que se encuentra en Am\u00e9rica (el continente, claro est\u00e1, algo con lo que los \u00ab\u00bfamericanos?\u00bb est\u00e1n confundidos y as\u00ed confunden a todos en este planeta, con su propia confusi\u00f3n y GRAN EGO que tienen, ya que para mi Verdadera Maestra, ellos son UN GIGANTE CON LA CABEZA METIDA EN LAS NUBES:<\/p>\n\n\n\n<p><a href=\"https:\/\/drive.google.com\/file\/d\/1kLMttV264C9L8ZhqYg3H_MskDmgvO-ol\/view\">Este es mi mensaje a todo el mundo acerca de Qui\u00e9n Soy Realmente, en este mundo de la confusi\u00f3n gringa<\/a>.<\/p>\n\n\n\n<p>As\u00ed comienzo este espacio en El Internet, invitando, como lo estoy haciendo, a partir de escribir por Facebook, a todos los Fontanot en el mundo que encuentre en Facebook, algo que com\u00fanmente no hago, ya que creo en los dichos y dice un dicho: \u00abLos declaro marido y mujer, hasta que Facebook los separe\u00bb, y que pondremos este Sitio Web, y, en particular, esta p\u00e1gina web en primer lugar en Google, para que declaremos que no es Islamabad en donde se firmar\u00e1 un convenio internacional por La Paz, sino que La ciudad de M\u00e9xico, ya que M\u00e9xico es el Pueblo escogido por Dios en este, EL TERCER TIEMPO.<\/p>\n\n\n\n<p>No puedo dar toda la ense\u00f1anza espiritual que todos deb\u00edamos de tener en unas cu\u00e1ntas oraciones, videos, o Sitios y P\u00e1ginas Web, de lo cu\u00e1l yo soy EL MEJOR DISE\u00d1ADOR DEL MUNDO, YA QUE SOY: INGENIERO TITULADO DOS VECES, INTERNET MARKETER, QUE CONOCE LO QUE ES SEO (SEARCH ENGINE OPTIMIZATION), CONOCEDOR DE LA REALIDAD DE LOS EXTRATERRESTRES, HABLO CUATRO IDIOMAS, M\u00c1S LAS PALABRAS M\u00c1S IMPORTANTES EN S\u00c1NSCRITO, EL IDIOMA DE DIOS, Y AQU\u00cd PLASMO LAS ACCIONES QUE SON, M\u00c1S QUE MI DEBER FRENTE A LA SOCIEDAD Y A DIOS, MI DHARMA, COMO ME LO INDICA MI VERDADERA MAESTRA, QUE ME ENSE\u00d1\u00d3, IGUAL QUE LO HACE NEALE DONALD WALSCH EN \u00abCONVERSACIONES CON DIOS\u00bb A RECONOCER A DIOS DENTRO DE MI, YA QUE: TSU (TODOS SOMOS UNO), COMO INICIA NEALE DONALD WALSCH SU VIDEO.<\/p>\n\n\n\n<p>Esta P\u00e1gina Web la estoy dise\u00f1ando como quedamos de com\u00fan acuerdo Victor Fontanot y YO, ya que \u00e9l dice que somos m\u00e1s de 1,080 personas, y m\u00e1s de 1,080 personas, seg\u00fan \u00abConversaciones con Dios\u00bb, s\u00ed son capaces de cambiar el rumbo que lleva el mundo, hacia La Paz, El Entendimiento, La Libertad y La Felicidad (no dejamos la abundancia y otros asuntos a un lado).<\/p>\n\n\n\n<p>Victor Fontanot me escribi\u00f3 textualmente:<\/p>\n\n\n\n<blockquote class=\"wp-block-quote is-layout-flow wp-block-quote-is-layout-flow\">\n<blockquote class=\"wp-block-quote is-layout-flow wp-block-quote-is-layout-flow\">\n<p>Comprendo tu inter\u00e9s, y al igual que muchos Fontanot en el mundo que solo somos al rededor de 1080.<\/p>\n\n\n\n<blockquote class=\"wp-block-quote is-layout-flow wp-block-quote-is-layout-flow\">\n<p>Dice Victor Fontanot: \u00abDesde que era peque\u00f1o siempre fue mi sue\u00f1o tener a toda la familia unida, viviendo toda la comunidad Fontanot en una Villa o Pueblo, en ocasiones es triste pensar que el tiempo pasa y a\u00fan no sabemos de muchos allegados con fines comunes como los nuestros, pero tienes raz\u00f3n, debemos unirnos\u00bb<\/p>\n<\/blockquote>\n<\/blockquote>\n<\/blockquote>\n\n\n\n<p><a href=\"https:\/\/tsu.network\/tsu\/administracion\/los-fontanot\/\">Sigue este enlace para continuar leyendo. Ver\u00e1s uno de los art\u00edculos que se han publicado en este Sitio. T\u00fa tambi\u00e9n podr\u00e1s publicar art\u00edculos, de eso se trata, de que todos opinemos. Podr\u00e1s comentar, si gustas. A todas las personas que comenten les daremos seguimiento, ya que ser\u00e1n vistas como interesadas en participar en nuestra comunidad sustentable, y as\u00ed no morir de hambre por causa de La Tercera Guerra Mundial<\/a>.<\/p>\n","protected":false},"excerpt":{"rendered":"<p>Unidos por La Paz en el Mundo Michael Snyder, el mejor economista en el mundo, que informa la verdad, y no hace pol\u00edtica, ya que hacer pol\u00edtica es mentir, tiene este art\u00edculo escrito el 21 de Abril de 2026: sigue este enlace, o link, para que te enteres de la&#8230; <a class=\"continue-reading-link\" href=\"https:\/\/tsu.network\/tsu\/\"> Continue reading <span class=\"meta-nav\">&rarr; <\/span><\/a><\/p>\n","protected":false},"author":1,"featured_media":0,"parent":0,"menu_order":0,"comment_status":"closed","ping_status":"closed","template":"","meta":{"footnotes":""},"class_list":["post-215","page","type-page","status-publish","hentry"],"jetpack_sharing_enabled":true,"_links":{"self":[{"href":"https:\/\/tsu.network\/tsu\/wp-json\/wp\/v2\/pages\/215","targetHints":{"allow":["GET"]}}],"collection":[{"href":"https:\/\/tsu.network\/tsu\/wp-json\/wp\/v2\/pages"}],"about":[{"href":"https:\/\/tsu.network\/tsu\/wp-json\/wp\/v2\/types\/page"}],"author":[{"embeddable":true,"href":"https:\/\/tsu.network\/tsu\/wp-json\/wp\/v2\/users\/1"}],"replies":[{"embeddable":true,"href":"https:\/\/tsu.network\/tsu\/wp-json\/wp\/v2\/comments?post=215"}],"version-history":[{"count":4,"href":"https:\/\/tsu.network\/tsu\/wp-json\/wp\/v2\/pages\/215\/revisions"}],"predecessor-version":[{"id":224,"href":"https:\/\/tsu.network\/tsu\/wp-json\/wp\/v2\/pages\/215\/revisions\/224"}],"wp:attachment":[{"href":"https:\/\/tsu.network\/tsu\/wp-json\/wp\/v2\/media?parent=215"}],"curies":[{"name":"wp","href":"https:\/\/api.w.org\/{rel}","templated":true}]}}